remainder when 33 is divided by n?
6
Let t = -69 + 98. Calculate the remainder when 55 is divided by t.
26
Suppose -3*z + 31 - 1 = 0. Let o(v) = 2*v**2 + v - 3. Suppose 4*h - 3 - 9 = 0. Calculate the remainder when o(h) is divided by z.
8
Let v be 1/(-2)*(0 - 8). Let w(o) = -o**3 + 5*o**2 - 3*o + 3. What is the remainder when w(v) is divided by 4?
3
What is the remainder when (-4)/(-10) + 2844/15 + -9 is divided by 13?
12
Suppose 0 = 5*d + 4*d - 2376. Calculate the remainder when d is divided by 53.
52
Let k(p) = 18*p + 1. What is the remainder when k(2) is divided by 10?
7
Suppose 5*f + 0*f = 20. Let o = -2 + f. Calculate the remainder when 4 is divided by o.
0
Suppose 3*z - 78 = -s - 4, 3*z - 66 = -3*s. Calculate the remainder when z is divided by 7.
5
Suppose 2*y = 3*m + 23, -4*m - 5 = y + 11. Let h = -1 + y. Calculate the remainder when 6 is divided by h.
0
Let u be 15*(8/6 - 1). Suppose u*f - 2*f + 82 = 2*b, 3*f = -12. Let s = -25 + b. Calculate the remainder when s is divided by 6.
4
Let l = 11 + -7. Suppose 0 = -78*u + 76*u + 22. What is the remainder when u is divided by l?
3
Let d be (2 - 2) + 2 + 2. Suppose -80 = -d*v - 4*p, v + 2*p = -2*p + 8. Suppose 2*u = -3*u + 65. What is the remainder when v is divided by u?
11
Let x = -6 + 9. Calculate the remainder when x*-1 - (-15 + 1) is divided by 6.
5
Let i(a) = 15*a**2 - a. Suppose -2*u - 2*u = -168. What is the remainder when (-6)/(-21) + 1668/u is divided by i(1)?
12
Suppose 6*k + 5 = 29. Suppose -2*x + 24 = k. What is the remainder when 29 is divided by x?
9
Let z = 11 - 5. Let l(q) be the second derivative of q**5/20 - 5*q**4/12 - 3*q**2/2 + q. Calculate the remainder when l(z) is divided by 17.
16
Suppose -2*l = 3*g - 83, -2*l + 3*g - g = -68. Suppose 3*n - 2*f = 36, -n - 5*f - 55 = -5*n. Calculate the remainder when l is divided by n.
7
Let i = 104 + -64. What is the remainder when i is divided by 12?
4
Suppose -4*o + 2*o + 26 = 0. What is the remainder when o is divided by 7?
6
Let l = 4 + 1. Calculate the remainder when ((-7)/3)/((-1)/3) is divided by l.
2
Calculate the remainder when 18 is divided by 2/2 + (-16 - -19).
2
Suppose -4*c + 2 = -6. Suppose c*u - 6*u = -28. Let t = -52 + 63. What is the remainder when t is divided by u?
4
Let k(z) = -z**2 + 19*z - 11. Let d be k(8). Suppose d - 26 = a. Calculate the remainder when a is divided by 11.
7
Suppose -16 = -4*l - 3*f, -l + 2*f - 5*f + 4 = 0. Suppose -34 - 26 = -l*k. What is the remainder when 42 is divided by k?
12
Suppose -3*o = l - 241, -5*l + 152 = -o + 3*o. What is the remainder when o is divided by 28?
25
Let u = 8 - 14. Let c(n) be the first derivative of -n**2 + 8*n + 1. Calculate the remainder when c(u) is divided by 7.
6
Suppose j + 4 = 3*j. Suppose d + j*d = 12. What is the remainder when 8 is divided by d?
0
Let z(q) = -q + 19. Let u(p) = -2*p + 7. Suppose 0 = -5*g - v - 6 - 23, 5*g - v = -21. Calculate the remainder when u(g) is divided by z(10).
8
Let m(k) = 2 + 0 - 3 - 3*k + 4*k. Calculate the remainder when 25 is divided by m(10).
7
Let j(l) be the second derivative of -l**3/2 - l**2/2 - 2*l. What is the remainder when 14 is divided by j(-2)?
4
Calculate the remainder when 5/(30/93)*2 is divided by 3 - 0 - (-10)/2.
7
Suppose 35 = 3*v + 5*y, v - 4*y + 1 = -2*v. Suppose 3*w - v*r - 65 = -0*w, -3*w + 71 = -2*r. What is the remainder when w is divided by 14?
11
Suppose -4*f + 2*f = -22. Let n = -7 - -3. What is the remainder when f is divided by -2 - n - -2*1?
3
Let o = -3 - -6. Suppose 5*z - 25 = 0, -21 = 2*w - 2*z - o*z. What is the remainder when 1/w - 25/(-2) is divided by 5?
3
Let j be 3 - 6/3 - -24. What is the remainder when (-1 + -9)/((-2)/5) is divided by 2/3 + j/3?
7
Let g = -36 + 67. Suppose -46 = 5*y + r, -5*r - 4 = 5*y + 26. What is the remainder when g is divided by 4/y - (-114)/10?
9
Calculate the remainder when 7 + 0 + (4 - 1) is divided by 4.
2
Let n = 4 + -2. Suppose 4*k + 2 = -n. Calculate the remainder when 19 is divided by (4 - (k - 2))/1.
5
Suppose -3*a - 5*v + 48 = -72, -40 = -a + 4*v. Let d = a - 15. Suppose -p = 4*p - 45. Calculate the remainder when d is divided by p.
7
Let n(l) = -l**2 + 9*l - 7. Calculate the remainder when 43 is divided by n(6).
10
Let a(i) = -2*i**3 - 17*i**2 - 13*i - 19. What is the remainder when a(-8) is divided by 9?
3
Let g be (-3)/((-3)/5 + 0). Suppose 3*o - 115 = -4*a + 2*a, -g*a = -5*o - 275. What is the remainder when a is divided by 19?
18
Let d(u) = 3*u**3 - 2*u**2 - 6*u**2 - 2*u**3 + 8 - 6*u - 2*u**3. Let k(q) = -q**2 + 7*q - 4. What is the remainder when k(6) is divided by d(-7)?
0
What is the remainder when 52 is divided by (-1)/((-19)/18 - -1)?
16
Suppose -3*k + r = 21, -6*k + k = -4*r + 42. Let l = 0 + k. Let w(i) = -i**3 - 6*i**2 - 10*i - 7. What is the remainder when w(l) is divided by 18?
17
Suppose -5 = -2*i - 5*m, 2*i = 3*m + m - 4. Let a be -53 - i - (-1 - -2). Calculate the remainder when 53 is divided by (-1 - 3)/(12/a).
17
Suppose 0 = -2*a - 3*a + 5*n - 485, -2*a - 191 = -n. Let l = 137 + a. Suppose -3*z = 4*k - 59 - 12, -2*k + l = -z. What is the remainder when k is divided by 7?
6
Suppose 3*r - k = 23, k = -r - 2*r + 19. Let c(l) = -l**2 + 9*l + 11. Calculate the remainder when c(8) is divided by r.
5
Let n(g) = 5*g**2 + 7*g. Let x be n(-6). Suppose 2*p = -p + x. Suppose 5*v - p = -16. What is the remainder when v is divided by 3?
0
Let b(x) = -x - 5 + 0*x**2 + x**2 - 4*x + 6*x. What is the remainder when 57 is divided by b(-5)?
12
Suppose 5*x - 28 = 27. Let p(z) = 2*z - 2. Let c be p(3). Suppose 5*l = -2*v + 97, 3*l - c*v - 83 = v. Calculate the remainder when l is divided by x.
10
Let x(v) = v**3 + 17*v**2 + 17*v + 21. What is the remainder when x(-16) is divided by 3?
2
Suppose 5*k - 2*k - 3*a - 6 = 0, 2*a - 38 = -4*k. Let d be 1/((-2)/(-4)) + 4. Suppose -d*j + 4*j = -38. Calculate the remainder when j is divided by k.
5
Let x(z) = -z**3 + 9*z**2 - 5*z - 19. Let n(l) = 6*l - 4. What is the remainder when n(3) is divided by x(8)?
4
Let r be 3*213/(-12)*4. Calculate the remainder when r/(-4) + (-36)/(-48) is divided by 28.
26
Let w(h) = h**3 + 7*h**2 - 4*h. Calculate the remainder when w(-6) is divided by 21.
18
Suppose -3*h + 5*q + 42 = 0, 8*h - 56 = 4*h + 5*q. What is the remainder when 32 is divided by h?
4
Let w(d) be the first derivative of -d**4/4 - 4*d**3/3 + 3*d**2 + 7*d + 3. Calculate the remainder when 3 is divided by w(-5).
1
Suppose -4*f + 93 = -5*v, -4*f + 4*v + 130 = 42. Suppose 5*z - 2*u = 2*u + 309, 3*z = -3*u + 207. What is the remainder when z is divided by f?
14
Let x be 2/1*6/4. Suppose -2 = -a + 2. Suppose -a*m = -x*f - 91, 4*m - 3*f = -4*f + 71. Calculate the remainder when 36 is divided by m.
17
Let s(y) be the third derivative of 7*y**5/60 - y**4/24 + y**3/6 + y**2. Let z be s(1). Calculate the remainder when 22 is divided by (-2)/(6/(-3)) + z.
6
Let c = 26 + -18. Let s be 1/((3/(-1))/(-27)). What is the remainder when (21/s + -2)*69 is divided by c?
7
Suppose -o + 68 = o. What is the remainder when 99 is divided by o?
31
Suppose -5*k = -k - 20. Suppose 0*n = -5*n - i + 12, 0 = -4*i - 12. Calculate the remainder when k is divided by (-9)/((n - 4)*3).
2
Let z(c) = -c**2 - 10*c + 10. Let o = 14 + -24. What is the remainder when 38 is divided by z(o)?
8
Let q(d) = d**2 - 4*d + 5. Let g be q(2). What is the remainder when 8 is divided by g*4*40/32?
3
Let g = 5 + 26. What is the remainder when g is divided by 12?
7
Let t = -10 + 15. Suppose -v - 2*n - 305 = -6*v, -t*n = 0. Calculate the remainder when v is divided by 33/2 + 1/(-2).
13
Let f(a) = -a**3 + 9*a**2 + a - 4. What is the remainder when f(5) is divided by 34?
33
Suppose 0 = 4*h - 18 - 6. Let g be 45/(-25)*(-20)/h. Suppose -a + t + 2*t = 5, 4*a = 5*t - g. Calculate the remainder when a is divided by 1.
0
Calculate the remainder when -38*1/5*-5 is divided by 14.
10
What is the remainder when 2829/27*1 + (-8)/(-36) is divided by 28?
21
Calculate the remainder when 63 + 2 + -1 + 4 + -2 is divided by 37.
29
Suppose 0 = -0*u - 3*u + 9. Suppose 3*d - 30 = 3*o, 3*d = -d + u*o + 44. Calculate the remainder when (-3 - 0)*40/(-3) is divided by d.
12
Let k be (3 - -4)*(-4)/(-14). Suppose -4*y = f - 1 - 1, -32 = -5*f + k*y. Let t(o) = 2*o - 1. Calculate the remainder whe